{"id":626,"date":"2025-12-11T06:41:10","date_gmt":"2025-12-11T05:41:10","guid":{"rendered":"https:\/\/fansdetrad.fr\/?page_id=626"},"modified":"2026-01-18T11:45:17","modified_gmt":"2026-01-18T10:45:17","slug":"musescore","status":"publish","type":"page","link":"https:\/\/fansdetrad.fr\/index.php\/musescore\/","title":{"rendered":"musescore"},"content":{"rendered":"\n<h2 class=\"wp-block-heading has-text-align-center\">MuseScore c&rsquo;est quoi?<\/h2>\n\n\n\n<p class=\"has-text-align-center\"><a href=\"https:\/\/musescore.org\/fr\">MuseScore Studio<\/a>&nbsp;est le premier logiciel libre et&nbsp;<strong>GRATUIT<\/strong>&nbsp;au monde pour \u00e9crire de la musique, avec une interface conviviale et des fonctionnalit\u00e9s tr\u00e8s puissantes.<\/p>\n\n\n\n<p class=\"has-text-align-center\"><a href=\"https:\/\/musescore.org\/fr\" target=\"_blank\" rel=\"noreferrer noopener\">D\u00e9couvrir le site officiel<\/a><\/p>\n\n\n<div class=\"wp-block-image\">\n<figure class=\"alignleft size-full\"><a href=\"https:\/\/musescore.org\/fr\"><img loading=\"lazy\" decoding=\"async\" width=\"246\" height=\"246\" src=\"https:\/\/fansdetrad.fr\/wp-content\/uploads\/2025\/12\/museScore.jpeg\" alt=\"\" class=\"wp-image-628\" srcset=\"https:\/\/fansdetrad.fr\/wp-content\/uploads\/2025\/12\/museScore.jpeg 246w, https:\/\/fansdetrad.fr\/wp-content\/uploads\/2025\/12\/museScore-150x150.jpeg 150w\" sizes=\"auto, (max-width: 246px) 100vw, 246px\" \/><\/a><\/figure>\n<\/div>\n\n\n<p>Pourquoi utiliser MuseScore :<\/p>\n\n\n\n<ul class=\"wp-block-list\">\n<li>Logiciel d&rsquo;\u00e9dition de partitions professionnel<\/li>\n\n\n\n<li>Enti\u00e8rement gratuit, aucune limitation<\/li>\n\n\n\n<li>Facile \u00e0 utiliser, mais puissant<\/li>\n\n\n\n<li>Transf\u00e9rer vers et depuis d&rsquo;autres programmes<\/li>\n\n\n\n<li>Disponible sur smartphone* et Ordinateur<\/li>\n<\/ul>\n\n\n\n<p>* = poss\u00e9der un compte<\/p>\n\n\n\n<p>MuseScore est un logiciel (et une application mobile) qui s&rsquo;adresse aux musiciens de tous niveaux. Vous pouvez le t\u00e9l\u00e9charger de mani\u00e8re totalement gratuite, que vous soyez musiciens, compositeurs, autodidactes ou profs. C\u2019est une plateforme compl\u00e8te et tr\u00e8s bien pens\u00e9e pour cr\u00e9er des partitions musicales. Affichant une interface vraiment agr\u00e9able, MuseScore permet de cr\u00e9er des partitions complexes avec plusieurs voix, instruments et formats de page, tout en offrant une grande libert\u00e9 en mati\u00e8re de mise en page et de style. De plus, l&rsquo;application propose des tutoriels qui vous permettent de comprendre son fonctionnement.<\/p>\n\n\n\n<p>\u00c0 la diff\u00e9rence du logiciel sur ordinateur, l\u2019application mobile MuseScore est pens\u00e9e pour une utilisation tactile. Une fois lanc\u00e9e, on vous invite \u00e0 cr\u00e9er un compte via une adresse Apple, Google (Gmail), Facebook ou un mail personnalis\u00e9. L\u2019application arbore une approche un peu plus grand public, dans le sens o\u00f9 l\u2019utilisateur est accueilli par une s\u00e9rie de questions visant \u00e0 d\u00e9finir son profil. Tout est enti\u00e8rement tactile et donc tr\u00e8s souple \u00e0 utiliser, que l\u2019on soit sur smartphone ou tablette.En revanche, il est indispensable de souligner que la version mobile ne permet pas de cr\u00e9er de partition, elle se limite \u00e0 la base de donn\u00e9es et donne acc\u00e8s des tutoriaux pour apprendre les morceaux. Pour cr\u00e9er des partitions, objectif pour lequel le logiciel a \u00e9t\u00e9 pens\u00e9, il est n\u00e9cessaire de passer par la version Desktop.<\/p>\n\n\n\n<p><strong>Cr\u00e9er sa premi\u00e8re partition<\/strong><\/p>\n\n\n\n<figure class=\"wp-block-embed is-type-video is-provider-youtube wp-block-embed-youtube wp-embed-aspect-16-9 wp-has-aspect-ratio\"><div class=\"wp-block-embed__wrapper\">\n<iframe loading=\"lazy\" title=\"MuseScore 4 : Cr\u00e9er sa premi\u00e8re partition\" width=\"750\" height=\"422\" src=\"https:\/\/www.youtube.com\/embed\/pqPnadl0ORM?feature=oembed\" frameborder=\"0\" allow=\"accelerometer; autoplay; clipboard-write; encrypted-media; gyroscope; picture-in-picture; web-share\" referrerpolicy=\"strict-origin-when-cross-origin\" allowfullscreen><\/iframe>\n<\/div><\/figure>\n","protected":false},"excerpt":{"rendered":"<p>MuseScore c&rsquo;est quoi? MuseScore Studio&nbsp;est le premier logiciel libre et&nbsp;GRATUIT&nbsp;au monde pour \u00e9crire de la musique, avec une interface conviviale et des fonctionnalit\u00e9s tr\u00e8s puissantes. D\u00e9couvrir le site officiel Pourquoi [&hellip;]<\/p>\n","protected":false},"author":1,"featured_media":0,"parent":0,"menu_order":0,"comment_status":"closed","ping_status":"closed","template":"","meta":{"footnotes":""},"class_list":["post-626","page","type-page","status-publish","hentry"],"_links":{"self":[{"href":"https:\/\/fansdetrad.fr\/index.php\/wp-json\/wp\/v2\/pages\/626","targetHints":{"allow":["GET"]}}],"collection":[{"href":"https:\/\/fansdetrad.fr\/index.php\/wp-json\/wp\/v2\/pages"}],"about":[{"href":"https:\/\/fansdetrad.fr\/index.php\/wp-json\/wp\/v2\/types\/page"}],"author":[{"embeddable":true,"href":"https:\/\/fansdetrad.fr\/index.php\/wp-json\/wp\/v2\/users\/1"}],"replies":[{"embeddable":true,"href":"https:\/\/fansdetrad.fr\/index.php\/wp-json\/wp\/v2\/comments?post=626"}],"version-history":[{"count":3,"href":"https:\/\/fansdetrad.fr\/index.php\/wp-json\/wp\/v2\/pages\/626\/revisions"}],"predecessor-version":[{"id":1827,"href":"https:\/\/fansdetrad.fr\/index.php\/wp-json\/wp\/v2\/pages\/626\/revisions\/1827"}],"wp:attachment":[{"href":"https:\/\/fansdetrad.fr\/index.php\/wp-json\/wp\/v2\/media?parent=626"}],"curies":[{"name":"wp","href":"https:\/\/api.w.org\/{rel}","templated":true}]}}